e remainder when (2 + 1)*b - 2 is divided by s.
4
Suppose 21 = 2*j - 4*l - l, 0 = 5*l + 15. Suppose 0*g + 46 = j*r + g, 16 = r + g. Calculate the remainder when 74 is divided by r.
14
Let c = 989 + -891. What is the remainder when c is divided by 34?
30
Let j be ((-1420)/(-8))/5*2. Suppose 372 - j = 7*m. What is the remainder when m is divided by 23?
20
Suppose -8*l - 3423 + 3487 = 0. Calculate the remainder when 21 is divided by l.
5
Suppose -239*d + 231*d + 64 = 0. Calculate the remainder when 29 is divided by d.
5
Let m(j) = -75*j + 449. Calculate the remainder when 177 is divided by m(5).
29
Let d(t) be the second derivative of -t**5/20 + 2*t**4/3 + t**3/6 - 3*t**2 + 32*t. What is the remainder when d(3) is divided by 25?
17
Let d = 16 + -16. Suppose -n + 4 = -d*n, -4*r = 5*n - 492. Calculate the remainder when r is divided by 30.
28
Let r(s) = s**3 - 28*s**2 + 52*s + 23. Let p be 2*13/(-4)*(-3 - 1). Calculate the remainder when 112 is divided by r(p).
20
Let x = 1061 - 1003. Calculate the remainder when 118 is divided by x.
2
Let q(c) = -2*c**2 - 15*c. Let l be q(-7). Suppose 2*k = l*t - 4*t - 4, 0 = k - 4*t + 12. Calculate the remainder when 18 is divided by k.
2
Suppose 3*n + 4*h - 12 = 48, -2*n + 4*h + 60 = 0. What is the remainder when 310 is divided by n?
22
Let d = 5305 - 5278. Let g = 47 - 30. Calculate the remainder when d is divided by g.
10
Suppose -4*r + 13 = -35. Suppose 5*q = -5*a + 2*a + 170, -q = 5*a - r. Suppose 0 = 4*j - 3*j - 19. What is the remainder when q is divided by j?
18
Let j(q) = 20*q - 3. Suppose -1 + 26 = 5*u. Let v be j(u). Let m = 146 - v. What is the remainder when m is divided by 17?
15
Suppose 327 = 16*x - 137. Calculate the remainder when 102 is divided by x.
15
Suppose -2*d - 76 - 230 = 0. Let k = -105 - d. Let l = k + -20. Calculate the remainder when 81 is divided by l.
25
Suppose -3*b + 13 = -g, b = -3*g - b + 16. Suppose -g = 4*r - 42. Let w = -8225 - -8229. What is the remainder when r is divided by w?
2
Let a(j) = j**2 - 5*j - 5. Let m be a(8). Let y = -17 + m. Calculate the remainder when ((-5)/y)/(1/(-14)) is divided by 6.
5
Suppose -20 + 2 = -3*y. Let b(s) = s**2 - 3*s + y + 6 - 9 - 2. What is the remainder when 32 is divided by b(5)?
10
Let x(s) = 13*s + 232. Calculate the remainder when 68 is divided by x(-16).
20
What is the remainder when 54 is divided by (-2)/6 - (-1120)/30?
17
Let n = 666 - 368. What is the remainder when n is divided by 98?
4
Let g = 485 - 480. Let j = 39 - 16. What is the remainder when j is divided by g?
3
Suppose 4*q + 4*b = 876, -1115 = q - 6*q + 5*b. What is the remainder when q is divided by (1 + -2)/((-16)/592)?
36
Suppose 956 = 5*w + 541. What is the remainder when 412 is divided by w?
80
Let b(w) = -2*w - 39. Let g be b(15). Calculate the remainder when (g + -2)*(0 + 0 + -1) is divided by 37.
34
Suppose 6 = o + 32. Let q = 60 + o. Suppose 3*w - 16 = 2*w - v, q = w - 5*v. What is the remainder when w is divided by 10?
9
Suppose -3*j + 25 = -2*z, 2 = -2*z + 4. Calculate the remainder when 60 is divided by j.
6
Let v(q) = q**3 + 10*q - 41*q**2 + 19 + 52*q**2 + 0 + 10. Let s = 20 + -5. What is the remainder when v(-10) is divided by s?
14
Suppose -36*a - 14*a + 7100 = 0. Calculate the remainder when a is divided by 30.
22
Suppose 12*s - 24*s + 3624 = 0. Calculate the remainder when s is divided by 102.
98
Suppose 2*a = 5*r - 13, -a = 4*a - 5. Let g = 27 + -15. Suppose x + 5 - g = 0. What is the remainder when x is divided by r?
1
Let q(u) = -156*u + 179. Let a = -77 + 122. Calculate the remainder when q(0) is divided by a.
44
Suppose 2*s + 157 = 13. Let i = 0 - 1. What is the remainder when 40 is divided by s/(-9) - (i - 2)?
7
Suppose 4*l + 29 + 131 = 0. Let b = l + 45. Calculate the remainder when 14 is divided by b.
4
Calculate the remainder when 41 is divided by (-87)/(-8) - 1/(-8).
8
Let q(d) = 19*d - 102. What is the remainder when q(11) is divided by 25?
7
Let s(w) = 3*w**2 + 2 - w - w**2 - 6 + 2. Let c = -2 - 1. Calculate the remainder when s(c) is divided by 5.
4
Let l(u) = -u**2 + 7*u + 13. Let i be l(8). Suppose 57 = i*x - 2*d, 3*x - 6*x - d = -32. Calculate the remainder when 31 is divided by x.
9
Let s(x) = -x**2 - 16*x - 11. Let m be s(-15). Suppose 40 = 2*n - 0*i + m*i, 2*n - 20 = i. What is the remainder when 45 is divided by n?
9
Let l = 91 - -58. Let h = -98 + l. What is the remainder when h is divided by 27?
24
Calculate the remainder when ((-60)/12)/((-3)/33) is divided by 20.
15
Suppose 7*z + 84 = -98. Let l = 40 + z. Calculate the remainder when 26 - 1 - (-2 - -1) is divided by l.
12
Suppose 0 = -2*u + 6*u - 44. Let a = u - 6. Suppose -2*g + 40 = -v, -a*g + 49 = -4*v - 51. What is the remainder when g is divided by 11?
9
Let j = -67 - -100. Suppose 0 = 4*n - 11 - j. Let q = 40 - 8. Calculate the remainder when q is divided by n.
10
Suppose -c - 8 = -2*k, 3*c = 2*c - 2. Suppose -5*j = 2*i - 105, 0*i - k*i + 123 = -4*j. What is the remainder when i is divided by (-1)/(-1)*-1 + 13?
9
Suppose 0 = -4*i + 19 + 9. Suppose -i*n + 78 - 8 = 0. Calculate the remainder when n is divided by 4.
2
Suppose 408 = 6*f + 18*f. What is the remainder when 53 is divided by f?
2
Suppose -f - 4*f = 60. Let n = f + 21. Calculate the remainder when 105 is divided by n.
6
Suppose 0 = -8*q + 6*q - 2*l + 196, 4*q = 2*l + 392. Calculate the remainder when q is divided by 6.
2
Calculate the remainder when 1169 is divided by (-144)/42*42/(-8).
17
Suppose 40*u - 49*u - 225 = -24*u. Let g = 170 - 81. Calculate the remainder when g is divided by u.
14
Suppose -4*s - 5*a + 73 = 0, 0*s - 4*a + 56 = 3*s. Calculate the remainder when 153 is divided by s.
9
Let t(j) = -3*j**3 + 4*j**2 + 2*j - 1. Let k = -17 + 15. What is the remainder when (-2 + 14/4)*94 + k is divided by t(-2)?
34
Suppose -i + 4*i = 15. Suppose 5*l = i, l - 16 = -0*j - j. Calculate the remainder when (-87)/(1 + -2 + 5/(-10)) is divided by j.
13
Let s(t) = 2*t**2 - 7*t - 30. What is the remainder when 216 is divided by s(7)?
7
Let p = 2 + 3. Suppose -b + 104 = 3*i - 6*b, 0 = -4*i + p*b + 147. Suppose 13*r + 82 = 277. Calculate the remainder when i is divided by r.
13
Let o(f) be the second derivative of -f**4/12 + 2*f**3 + 5*f**2/2 + 6*f. Calculate the remainder when 124 is divided by o(10).
24
Let u(f) = 17*f**2 + 20*f + 34. Suppose 0*l + 171 = 3*l. What is the remainder when u(-4) is divided by l?
55
Let b = 11 + -7. Suppose 0 = 3*n + 2*r - 17 - 42, b*n + 5*r = 67. Let y = 39 - n. Calculate the remainder when 29 is divided by y.
13
Let t = -825 - -884. What is the remainder when 719 is divided by t?
11
Let z = 38 - -39. Let x(s) = 6*s - 2. What is the remainder when z is divided by x(3)?
13
Let k = 0 - 2. What is the remainder when 15 - 17 - 32/k is divided by 10?
4
What is the remainder when -2 + (3 - -3) + -3 - -66 is divided by 46/4*(3 + -1)?
21
Let i = -68 + 34. Let l = -14 - i. Calculate the remainder when 78 is divided by l.
18
Calculate the remainder when 22 is divided by (-4 - (3 - 3)) + 13 + 0.
4
Calculate the remainder when 80 is divided by ((-66)/(-77))/((-4)/(-98)).
17
Let y(q) = 27*q + 59. Let h be y(-2). Suppose 0 = w - 3*m + m - 5, -5*m = 4*w + 6. Let c = h - w. Calculate the remainder when 9 is divided by c.
1
Let m(g) = -g**3 - 27*g**2 + 30*g + 58. Let k be m(-28). Suppose k*x + 41 = 93. Calculate the remainder when x is divided by 7.
5
Let r = -42 - -60. Suppose 7*v - 6*v - r = 0. What is the remainder when 68 is divided by v?
14
Let a be (-42)/4*140/(-15). Suppose -15 = -5*b, -4*d = -5*b - a - 39. Suppose 7*y - 5*y = 146. Calculate the remainder when y is divided by d.
35
Let s = 804 + -743. What is the remainder when s is divided by 34?
27
Let n be 5/((-10)/(-6)) - -1. Suppose 12 + 12 = n*d. Calculate the remainder when (-32 - -4)*d/(-7) is divided by 13.
11
Let t = 47 - 44. Suppose -i + 241 = 4*m, -4*m = -t*m - i - 54. Calculate the remainder when m is divided by 12.
11
Let a = -32 + 11. Let c = 21 - a. What is the remainder when c is divided by 15?
12
Let l = 4 - 11. Let g(r) = r + 7. Let m be g(l). Let q(b) = b**3 + b**2 + 2*b + 41. Calculate the remainder when q(m) is divided by 14.
13
Let d(q) = -70*q - 3. What is the remainder when d(-1) is divided by 36?
31
Let g(i) = -i**2 - 15*i - 2